{"id":460,"date":"2021-01-01T05:56:05","date_gmt":"2021-01-01T05:56:05","guid":{"rendered":"https:\/\/webdevcode.com\/wp\/pylon\/live\/?page_id=460"},"modified":"2025-07-07T11:59:18","modified_gmt":"2025-07-07T07:59:18","slug":"haqqimizda","status":"publish","type":"page","link":"https:\/\/forfinance.az\/?page_id=460","title":{"rendered":"Haqq\u0131m\u0131zda"},"content":{"rendered":"\t\t<div data-elementor-type=\"wp-page\" data-elementor-id=\"460\" class=\"elementor elementor-460\">\n\t\t\t\t\t\t<section class=\"elementor-section elementor-top-section elementor-element elementor-element-ab5bfc8 elementor-section-stretched pylon-column-stretched-none elementor-section-boxed elementor-section-height-default elementor-section-height-default\" data-id=\"ab5bfc8\" data-element_type=\"section\" data-settings=\"{&quot;stretch_section&quot;:&quot;section-stretched&quot;,&quot;background_background&quot;:&quot;classic&quot;}\">\n\t\t\t\t\t\t<div class=\"elementor-container elementor-column-gap-default\">\n\t\t\t\t\t<div class=\"elementor-column elementor-col-100 elementor-top-column elementor-element elementor-element-6491731\" data-id=\"6491731\" data-element_type=\"column\">\n\t\t\t<div class=\"elementor-widget-wrap elementor-element-populated\">\n\t\t\t\t\t\t<section class=\"elementor-section elementor-inner-section elementor-element elementor-element-0b54d97 pylon-column-stretched-none elementor-section-boxed elementor-section-height-default elementor-section-height-default\" data-id=\"0b54d97\" data-element_type=\"section\">\n\t\t\t\t\t\t<div class=\"elementor-container elementor-column-gap-default\">\n\t\t\t\t\t<div class=\"elementor-column elementor-col-100 elementor-inner-column elementor-element elementor-element-1b85b8a\" data-id=\"1b85b8a\" data-element_type=\"column\">\n\t\t\t<div class=\"elementor-widget-wrap\">\n\t\t\t\t\t\t\t<\/div>\n\t\t<\/div>\n\t\t\t\t\t<\/div>\n\t\t<\/section>\n\t\t\t\t<section class=\"elementor-section elementor-inner-section elementor-element elementor-element-eba9b2b pylon-column-stretched-none elementor-section-boxed elementor-section-height-default elementor-section-height-default\" data-id=\"eba9b2b\" data-element_type=\"section\">\n\t\t\t\t\t\t<div class=\"elementor-container elementor-column-gap-default\">\n\t\t\t\t\t<div class=\"elementor-column elementor-col-100 elementor-inner-column elementor-element elementor-element-6d6d754\" data-id=\"6d6d754\" data-element_type=\"column\">\n\t\t\t<div class=\"elementor-widget-wrap elementor-element-populated\">\n\t\t\t\t\t\t<div class=\"elementor-element elementor-element-bae1190 elementor-widget elementor-widget-text-editor\" data-id=\"bae1190\" data-element_type=\"widget\" data-widget_type=\"text-editor.default\">\n\t\t\t\t\t\t\t\t\t<p><strong>Bank Olmayan Kredit T\u0259\u015fkilat\u0131 \u201cFORFINANCE\u201d \u201d M\u0259hdud M\u0259suliyy\u0259tli C\u0259miyy\u0259ti Az\u0259rbaycan Respublikas\u0131n\u0131n M\u0259rk\u0259zi Bank\u0131n\u0131n verdiyi 18.06.2025 ci il tarixli BKT 50 sayl\u0131 lisenziya \u0259saslnda f\u0259aliyy\u0259t g\u00f6st\u0259rir.<\/strong><br \/>M\u0259qs\u0259dimiz \u2013 pe\u015f\u0259kar komandam\u0131z v\u0259 etibarl\u0131 t\u0259r\u0259fda\u015flar\u0131m\u0131zla birg\u0259, m\u00fc\u015ft\u0259ril\u0259rimiz\u0259 m\u00fcasir yana\u015fmalarla haz\u0131rlanm\u0131\u015f geni\u015f \u00e7e\u015fidli maliyy\u0259 xidm\u0259tl\u0259ri t\u0259qdim ed\u0259r\u0259k, uzunm\u00fcdd\u0259tli v\u0259 qar\u015f\u0131l\u0131ql\u0131 etimada \u0259saslanan m\u00fcnasib\u0259tl\u0259r qurmaqd\u0131r.<\/p><p>T\u0259\u015fkilat bazarda ba\u015f ver\u0259n d\u0259yi\u015fiklikl\u0259ri daim izl\u0259yir, m\u00fc\u015ft\u0259ril\u0259rin ehtiyaclar\u0131na uy\u011fun yeni v\u0259 innovativ kredit m\u0259hsullar\u0131 il\u0259 \u00e7\u0131x\u0131\u015f edir. Sat\u0131\u015f strategiyalar\u0131m\u0131z d\u00f6vr\u00fcn t\u0259l\u0259bl\u0259rin\u0259 uy\u011fun olaraq davaml\u0131 t\u0259kmill\u0259\u015fdirilir.<\/p><p>R\u0259q\u0259msalla\u015fma sah\u0259sind\u0259 inki\u015fafa x\u00fcsusi \u00f6n\u0259m verilir v\u0259 bu istiqam\u0259td\u0259 resurslar planl\u0131 \u015f\u0259kild\u0259 y\u00f6nl\u0259ndirilir.<\/p><p>Strateji m\u0259qs\u0259dimiz \u2013 xidm\u0259t g\u00f6st\u0259rdiyimiz sektorda innovasiyalara \u0259saslanan kredit h\u0259ll\u0259ri il\u0259 f\u0259rql\u0259n\u0259n, m\u00fc\u015ft\u0259ri y\u00f6n\u00fcml\u00fc v\u0259 dayan\u0131ql\u0131 f\u0259aliyy\u0259t g\u00f6st\u0259r\u0259n apar\u0131c\u0131 maliyy\u0259 qurumlar\u0131ndan birin\u0259 \u00e7evrilm\u0259kdir.<\/p><p>Xidm\u0259tl\u0259rimiz \u0259sas\u0259n fiziki \u015f\u0259xsl\u0259r\u0259, f\u0259rdi sahibkarlara, el\u0259c\u0259 d\u0259 ki\u00e7ik v\u0259 orta biznes subyektl\u0259rin\u0259 y\u00f6n\u0259lib.<\/p>\t\t\t\t\t\t\t\t<\/div>\n\t\t\t\t\t<\/div>\n\t\t<\/div>\n\t\t\t\t\t<\/div>\n\t\t<\/section>\n\t\t\t\t\t<\/div>\n\t\t<\/div>\n\t\t\t\t\t<\/div>\n\t\t<\/section>\n\t\t\t\t<section class=\"elementor-section elementor-top-section elementor-element elementor-element-355b0d4 elementor-section-full_width elementor-section-stretched pylon-column-stretched-none elementor-section-height-default elementor-section-height-default\" data-id=\"355b0d4\" data-element_type=\"section\" data-settings=\"{&quot;stretch_section&quot;:&quot;section-stretched&quot;}\">\n\t\t\t\t\t\t<div class=\"elementor-container elementor-column-gap-no\">\n\t\t\t\t\t<div class=\"elementor-column elementor-col-100 elementor-top-column elementor-element elementor-element-313362f\" data-id=\"313362f\" data-element_type=\"column\">\n\t\t\t<div class=\"elementor-widget-wrap elementor-element-populated\">\n\t\t\t\t\t\t<div class=\"elementor-element elementor-element-3aba4e7 elementor-widget elementor-widget-pylon_popup_video\" data-id=\"3aba4e7\" data-element_type=\"widget\" data-widget_type=\"pylon_popup_video.default\">\n\t\t\t\t<div class=\"elementor-widget-container\">\n\t\t\t\t\t\r\n        <script>\r\n        jQuery(document).ready(function($) {\r\n            \"use strict\";\r\n            if ($(\".video-popup-196273995\").length) {\r\n                $(\".video-popup-196273995\").magnificPopup({\r\n                    disableOn: 700,\r\n                    type: \"iframe\",\r\n                    mainClass: \"mfp-fade\",\r\n                    removalDelay: 160,\r\n                    preloader: true,\r\n        \r\n                    fixedContentPos: false\r\n                });\r\n            }\r\n        });\r\n        <\/script>        <div class=\"video-one\">\r\n            <div class=\"video-one__box\">\r\n                <div class=\"video-one__box-bg\"><\/div>\r\n                <a href=\"\" class=\"video-one__btn video-popup video-popup-196273995\"><i class=\"fa fa-play\"><\/i><\/a>\r\n                 <h3>Biz sizin \u00fc\u00e7\u00fcn \u0259n yax\u015f\u0131 imkanlar\u0131 t\u0259qdim ed\u0259 bil\u0259rik<\/h3>            <\/div>\r\n        <\/div>\r\n        \t\t\t\t<\/div>\n\t\t\t\t<\/div>\n\t\t\t\t\t<\/div>\n\t\t<\/div>\n\t\t\t\t\t<\/div>\n\t\t<\/section>\n\t\t\t\t<section class=\"elementor-section elementor-top-section elementor-element elementor-element-8e77a40 elementor-section-stretched pylon-column-stretched-none elementor-section-boxed elementor-section-height-default elementor-section-height-default\" data-id=\"8e77a40\" data-element_type=\"section\" data-settings=\"{&quot;background_background&quot;:&quot;classic&quot;,&quot;stretch_section&quot;:&quot;section-stretched&quot;}\">\n\t\t\t\t\t\t\t<div class=\"elementor-background-overlay\"><\/div>\n\t\t\t\t\t\t\t<div class=\"elementor-container elementor-column-gap-default\">\n\t\t\t\t\t<div class=\"elementor-column elementor-col-25 elementor-top-column elementor-element elementor-element-f542232\" data-id=\"f542232\" data-element_type=\"column\">\n\t\t\t<div class=\"elementor-widget-wrap elementor-element-populated\">\n\t\t\t\t\t\t<div class=\"elementor-element elementor-element-b738a79 elementor-widget elementor-widget-pylon_funfact\" data-id=\"b738a79\" data-element_type=\"widget\" data-widget_type=\"pylon_funfact.default\">\n\t\t\t\t<div class=\"elementor-widget-container\">\n\t\t\t\t\t    <div class=\"funfact-one__box\">\r\n        <h3>\r\n            <span class=\"odometer\" data-count=\"99\"><\/span><span class=\"funfact-symbol\">%<\/span>        <\/h3>\r\n        <p>T\u0259sdiql\u0259nmi\u015f kreditl\u0259r<\/p>    <\/div><!-- \/.funfact-one__box -->\r\n        \r\n        <script>\r\n            jQuery(document).ready(function($) {\r\n                \"use strict\";\r\n                if (jQuery(\".odometer\").length) {\r\n                    jQuery(\".odometer\").appear(function(e) {\r\n                        var odo = jQuery(\".odometer\");\r\n                        odo.each(function() {\r\n                            var countNumber = jQuery(this).attr(\"data-count\");\r\n                            jQuery(this).html(countNumber);\r\n                        });\r\n                    });\r\n                }\r\n            });\r\n        <\/script>\r\n        \t\t\t\t<\/div>\n\t\t\t\t<\/div>\n\t\t\t\t\t<\/div>\n\t\t<\/div>\n\t\t\t\t<div class=\"elementor-column elementor-col-25 elementor-top-column elementor-element elementor-element-0f9a4e9\" data-id=\"0f9a4e9\" data-element_type=\"column\">\n\t\t\t<div class=\"elementor-widget-wrap elementor-element-populated\">\n\t\t\t\t\t\t<div class=\"elementor-element elementor-element-c08ddef elementor-widget elementor-widget-pylon_funfact\" data-id=\"c08ddef\" data-element_type=\"widget\" data-widget_type=\"pylon_funfact.default\">\n\t\t\t\t<div class=\"elementor-widget-container\">\n\t\t\t\t\t    <div class=\"funfact-one__box\">\r\n        <h3>\r\n            <span class=\"funfact-amount\">\u20bc<\/span><span class=\"odometer\" data-count=\"90\"><\/span><span class=\"funfact-symbol\">K<\/span>        <\/h3>\r\n        <p>Ayr\u0131lm\u0131\u015f kreditl\u0259r<\/p>    <\/div><!-- \/.funfact-one__box -->\r\n        \r\n        <script>\r\n            jQuery(document).ready(function($) {\r\n                \"use strict\";\r\n                if (jQuery(\".odometer\").length) {\r\n                    jQuery(\".odometer\").appear(function(e) {\r\n                        var odo = jQuery(\".odometer\");\r\n                        odo.each(function() {\r\n                            var countNumber = jQuery(this).attr(\"data-count\");\r\n                            jQuery(this).html(countNumber);\r\n                        });\r\n                    });\r\n                }\r\n            });\r\n        <\/script>\r\n        \t\t\t\t<\/div>\n\t\t\t\t<\/div>\n\t\t\t\t\t<\/div>\n\t\t<\/div>\n\t\t\t\t<div class=\"elementor-column elementor-col-25 elementor-top-column elementor-element elementor-element-887b388\" data-id=\"887b388\" data-element_type=\"column\">\n\t\t\t<div class=\"elementor-widget-wrap elementor-element-populated\">\n\t\t\t\t\t\t<div class=\"elementor-element elementor-element-5326083 elementor-widget elementor-widget-pylon_funfact\" data-id=\"5326083\" data-element_type=\"widget\" data-widget_type=\"pylon_funfact.default\">\n\t\t\t\t<div class=\"elementor-widget-container\">\n\t\t\t\t\t    <div class=\"funfact-one__box\">\r\n        <h3>\r\n            <span class=\"odometer\" data-count=\"4500\"><\/span>        <\/h3>\r\n        <p>M\u0259mnun m\u00fc\u015ft\u0259ri<\/p>    <\/div><!-- \/.funfact-one__box -->\r\n        \r\n        <script>\r\n            jQuery(document).ready(function($) {\r\n                \"use strict\";\r\n                if (jQuery(\".odometer\").length) {\r\n                    jQuery(\".odometer\").appear(function(e) {\r\n                        var odo = jQuery(\".odometer\");\r\n                        odo.each(function() {\r\n                            var countNumber = jQuery(this).attr(\"data-count\");\r\n                            jQuery(this).html(countNumber);\r\n                        });\r\n                    });\r\n                }\r\n            });\r\n        <\/script>\r\n        \t\t\t\t<\/div>\n\t\t\t\t<\/div>\n\t\t\t\t\t<\/div>\n\t\t<\/div>\n\t\t\t\t<div class=\"elementor-column elementor-col-25 elementor-top-column elementor-element elementor-element-1d2a598\" data-id=\"1d2a598\" data-element_type=\"column\">\n\t\t\t<div class=\"elementor-widget-wrap elementor-element-populated\">\n\t\t\t\t\t\t<div class=\"elementor-element elementor-element-83c35d9 elementor-widget elementor-widget-pylon_funfact\" data-id=\"83c35d9\" data-element_type=\"widget\" data-widget_type=\"pylon_funfact.default\">\n\t\t\t\t<div class=\"elementor-widget-container\">\n\t\t\t\t\t    <div class=\"funfact-one__box\">\r\n        <h3>\r\n            <span class=\"odometer\" data-count=\"35\"><\/span>        <\/h3>\r\n        <p>Komandam\u0131z<\/p>    <\/div><!-- \/.funfact-one__box -->\r\n        \r\n        <script>\r\n            jQuery(document).ready(function($) {\r\n                \"use strict\";\r\n                if (jQuery(\".odometer\").length) {\r\n                    jQuery(\".odometer\").appear(function(e) {\r\n                        var odo = jQuery(\".odometer\");\r\n                        odo.each(function() {\r\n                            var countNumber = jQuery(this).attr(\"data-count\");\r\n                            jQuery(this).html(countNumber);\r\n                        });\r\n                    });\r\n                }\r\n            });\r\n        <\/script>\r\n        \t\t\t\t<\/div>\n\t\t\t\t<\/div>\n\t\t\t\t\t<\/div>\n\t\t<\/div>\n\t\t\t\t\t<\/div>\n\t\t<\/section>\n\t\t\t\t<\/div>\n\t\t","protected":false},"excerpt":{"rendered":"<p>Bank Olmayan Kredit T\u0259\u015fkilat\u0131 \u201cFORFINANCE\u201d \u201d M\u0259hdud M\u0259suliyy\u0259tli C\u0259miyy\u0259ti Az\u0259rbaycan Respublikas\u0131n\u0131n M\u0259rk\u0259zi Bank\u0131n\u0131n verdiyi 18.06.2025 ci il tarixli BKT 50 sayl\u0131 lisenziya \u0259saslnda [&hellip;]<\/p>\n","protected":false},"author":2,"featured_media":0,"parent":0,"menu_order":0,"comment_status":"closed","ping_status":"closed","template":"","meta":{"om_disable_all_campaigns":false,"_monsterinsights_skip_tracking":false,"_monsterinsights_sitenote_active":false,"_monsterinsights_sitenote_note":"","_monsterinsights_sitenote_category":0,"footnotes":""},"class_list":["post-460","page","type-page","status-publish","hentry"],"aioseo_notices":[],"_links":{"self":[{"href":"https:\/\/forfinance.az\/index.php?rest_route=\/wp\/v2\/pages\/460","targetHints":{"allow":["GET"]}}],"collection":[{"href":"https:\/\/forfinance.az\/index.php?rest_route=\/wp\/v2\/pages"}],"about":[{"href":"https:\/\/forfinance.az\/index.php?rest_route=\/wp\/v2\/types\/page"}],"author":[{"embeddable":true,"href":"https:\/\/forfinance.az\/index.php?rest_route=\/wp\/v2\/users\/2"}],"replies":[{"embeddable":true,"href":"https:\/\/forfinance.az\/index.php?rest_route=%2Fwp%2Fv2%2Fcomments&post=460"}],"version-history":[{"count":14,"href":"https:\/\/forfinance.az\/index.php?rest_route=\/wp\/v2\/pages\/460\/revisions"}],"predecessor-version":[{"id":8415,"href":"https:\/\/forfinance.az\/index.php?rest_route=\/wp\/v2\/pages\/460\/revisions\/8415"}],"wp:attachment":[{"href":"https:\/\/forfinance.az\/index.php?rest_route=%2Fwp%2Fv2%2Fmedia&parent=460"}],"curies":[{"name":"wp","href":"https:\/\/api.w.org\/{rel}","templated":true}]}}